Dec 01 13:53:04.704 INFO testing jimmydurkin/rustume against master#8940af3cea4a9a9deabcaf843b2f8cad9a83fc61 for beta-1.31-5
Dec 01 13:53:04.704 INFO running `"docker" "create" "-v" "/mnt/big/crater/work/local/target-dirs/beta-1.31-5/worker-2/master#8940af3cea4a9a9deabcaf843b2f8cad9a83fc61:/target:rw,Z" "-v" "/mnt/big/crater/work/local/test-source/worker-2/beta-1.31-5/master#8940af3cea4a9a9deabcaf843b2f8cad9a83fc61:/source:ro,Z" "-v" "/mnt/big/crater/work/local/cargo-home:/cargo-home:ro,Z" "-v" "/mnt/big/crater/work/local/rustup-home:/rustup-home:ro,Z" "-e" "USER_ID=1000" "-e" "SOURCE_DIR=/source" "-e" "USER_ID=1000" "-e" "CMD=cargo +8940af3cea4a9a9deabcaf843b2f8cad9a83fc61-alt build --frozen" "-e" "CARGO_TARGET_DIR=/target" "-e" "CARGO_INCREMENTAL=0" "-e" "RUST_BACKTRACE=full" "-e" "RUSTFLAGS=--cap-lints=warn" "-e" "CARGO_HOME=/cargo-home" "-e" "RUSTUP_HOME=/rustup-home" "-m" "1536M" "--network" "none" "crater"`
Dec 01 13:53:04.976 INFO [stdout] 6cb31278d0bb5e516395f8b0066c786e1ca1eb6a623c7c115a7cc501814f8fc1
Dec 01 13:53:04.978 INFO running `"docker" "start" "-a" "6cb31278d0bb5e516395f8b0066c786e1ca1eb6a623c7c115a7cc501814f8fc1"`
Dec 01 13:53:05.651 INFO [stderr] usermod: no changes
Dec 01 13:53:05.899 INFO [stderr]    Compiling pear_codegen v0.0.20
Dec 01 13:53:05.899 INFO [stderr]    Compiling rocket v0.3.17
Dec 01 13:53:05.899 INFO [stderr]    Compiling rocket_codegen v0.3.17
Dec 01 13:53:05.931 INFO [stderr]    Compiling syn v0.15.15
Dec 01 13:53:05.945 INFO [stderr]    Compiling rayon v0.7.1
Dec 01 13:53:06.192 INFO [stderr] error: failed to run custom build command for `pear_codegen v0.0.20`
Dec 01 13:53:06.192 INFO [stderr] process didn't exit successfully: `/target/debug/build/pear_codegen-545f8475d142af57/build-script-build` (exit code: 101)
Dec 01 13:53:06.192 INFO [stderr] --- stderr
Dec 01 13:53:06.192 INFO [stderr] [1;31mError:[0m [37mPear requires a nightly or dev version of Rust.[0m
Dec 01 13:53:06.192 INFO [stderr] [37mInstalled version is:[0m [33m1.31.0-beta.20 (2018-11-30)[0m. [37mMinimum required:[0m [33m1.30.0-nightly (2018-08-23)[0m.
Dec 01 13:53:06.192 INFO [stderr] thread 'main' panicked at 'Aborting compilation due to incompatible compiler.', /cargo-home/registry/src/github.com-1ecc6299db9ec823/pear_codegen-0.0.20/build.rs:31:13
Dec 01 13:53:06.192 INFO [stderr] stack backtrace:
Dec 01 13:53:06.192 INFO [stderr]    0:     0x55c6adab327f - std::sys::unix::backtrace::tracing::imp::unwind_backtrace::h3a8b83e1922cbdde
Dec 01 13:53:06.192 INFO [stderr]                                at libstd/sys/unix/backtrace/tracing/gcc_s.rs:49
Dec 01 13:53:06.192 INFO [stderr]    1:     0x55c6adabec57 - std::sys_common::backtrace::print::h00d3155a29b4020f
Dec 01 13:53:06.192 INFO [stderr]                                at libstd/sys_common/backtrace.rs:71
Dec 01 13:53:06.192 INFO [stderr]                                at libstd/sys_common/backtrace.rs:59
Dec 01 13:53:06.192 INFO [stderr]    2:     0x55c6adab7b1f - std::panicking::default_hook::{{closure}}::hd7465c742e79e1bb
Dec 01 13:53:06.192 INFO [stderr]                                at libstd/panicking.rs:211
Dec 01 13:53:06.192 INFO [stderr]    3:     0x55c6adab7884 - std::panicking::default_hook::h9e3966f2aa2a6e12
Dec 01 13:53:06.192 INFO [stderr]                                at libstd/panicking.rs:227
Dec 01 13:53:06.192 INFO [stderr]    4:     0x55c6adab814e - std::panicking::rust_panic_with_hook::h587f091ae747d080
Dec 01 13:53:06.192 INFO [stderr]                                at libstd/panicking.rs:476
Dec 01 13:53:06.192 INFO [stderr]    5:     0x55c6ada89cb3 - std::panicking::begin_panic::h4e3730271beb8b92
Dec 01 13:53:06.192 INFO [stderr]                                at libstd/panicking.rs:410
Dec 01 13:53:06.192 INFO [stderr]    6:     0x55c6ada87d78 - build_script_build::main::hd397855388fb565b
Dec 01 13:53:06.192 INFO [stderr]                                at /cargo-home/registry/src/github.com-1ecc6299db9ec823/pear_codegen-0.0.20/build.rs:31
Dec 01 13:53:06.192 INFO [stderr]    7:     0x55c6ada8a59f - std::rt::lang_start::{{closure}}::h7b3193c265bb446b
Dec 01 13:53:06.192 INFO [stderr]                                at libstd/rt.rs:74
Dec 01 13:53:06.192 INFO [stderr]    8:     0x55c6adab7bc2 - std::panicking::try::do_call::h52e7f80ff0fdcc45
Dec 01 13:53:06.192 INFO [stderr]                                at libstd/rt.rs:59
Dec 01 13:53:06.192 INFO [stderr]                                at libstd/panicking.rs:310
Dec 01 13:53:06.192 INFO [stderr]    9:     0x55c6adac9c09 - __rust_maybe_catch_panic
Dec 01 13:53:06.192 INFO [stderr]                                at libpanic_unwind/lib.rs:102
Dec 01 13:53:06.192 INFO [stderr]   10:     0x55c6adaa78da - std::rt::lang_start_internal::h38cae898de7f805c
Dec 01 13:53:06.192 INFO [stderr]                                at libstd/panicking.rs:289
Dec 01 13:53:06.192 INFO [stderr]                                at libstd/panic.rs:392
Dec 01 13:53:06.192 INFO [stderr]                                at libstd/rt.rs:58
Dec 01 13:53:06.192 INFO [stderr]   11:     0x55c6ada8a578 - std::rt::lang_start::h40513075cbc2edc4
Dec 01 13:53:06.192 INFO [stderr]                                at libstd/rt.rs:74
Dec 01 13:53:06.192 INFO [stderr]   12:     0x55c6ada88c49 - main
Dec 01 13:53:06.192 INFO [stderr]   13:     0x7f02ed62b82f - __libc_start_main
Dec 01 13:53:06.192 INFO [stderr]   14:     0x55c6ada87658 - _start
Dec 01 13:53:06.192 INFO [stderr]   15:                0x0 - <unknown>
Dec 01 13:53:06.192 INFO [stderr] 
Dec 01 13:53:06.192 INFO [stderr] warning: build failed, waiting for other jobs to finish...
Dec 01 13:53:06.235 INFO [stderr] error: failed to run custom build command for `rocket_codegen v0.3.17`
Dec 01 13:53:06.235 INFO [stderr] process didn't exit successfully: `/target/debug/build/rocket_codegen-3a54d251231151b7/build-script-build` (exit code: 101)
Dec 01 13:53:06.235 INFO [stderr] --- stderr
Dec 01 13:53:06.235 INFO [stderr] [1;31mError:[0m [37mRocket requires a nightly or dev version of Rust.[0m
Dec 01 13:53:06.235 INFO [stderr] [37mInstalled version is:[0m [33m1.31.0-beta.20 (2018-11-30)[0m. [37mMinimum required:[0m [33m1.30.0-nightly (2018-08-23)[0m.
Dec 01 13:53:06.235 INFO [stderr] [34mSee the getting started guide ([0m[37mhttps://rocket.rs/guide/getting-started/[0m[34m) for more information.[0m
Dec 01 13:53:06.235 INFO [stderr] thread 'main' panicked at 'Aborting compilation due to incompatible compiler.', /cargo-home/registry/src/github.com-1ecc6299db9ec823/rocket_codegen-0.3.17/build.rs:38:17
Dec 01 13:53:06.235 INFO [stderr] stack backtrace:
Dec 01 13:53:06.235 INFO [stderr]    0:     0x5621fa0524af - std::sys::unix::backtrace::tracing::imp::unwind_backtrace::h3a8b83e1922cbdde
Dec 01 13:53:06.235 INFO [stderr]                                at libstd/sys/unix/backtrace/tracing/gcc_s.rs:49
Dec 01 13:53:06.235 INFO [stderr]    1:     0x5621fa05de87 - std::sys_common::backtrace::print::h00d3155a29b4020f
Dec 01 13:53:06.235 INFO [stderr]                                at libstd/sys_common/backtrace.rs:71
Dec 01 13:53:06.235 INFO [stderr]                                at libstd/sys_common/backtrace.rs:59
Dec 01 13:53:06.235 INFO [stderr]    2:     0x5621fa056d4f - std::panicking::default_hook::{{closure}}::hd7465c742e79e1bb
Dec 01 13:53:06.235 INFO [stderr]                                at libstd/panicking.rs:211
Dec 01 13:53:06.235 INFO [stderr]    3:     0x5621fa056ab4 - std::panicking::default_hook::h9e3966f2aa2a6e12
Dec 01 13:53:06.235 INFO [stderr]                                at libstd/panicking.rs:227
Dec 01 13:53:06.235 INFO [stderr]    4:     0x5621fa05737e - std::panicking::rust_panic_with_hook::h587f091ae747d080
Dec 01 13:53:06.235 INFO [stderr]                                at libstd/panicking.rs:476
Dec 01 13:53:06.235 INFO [stderr]    5:     0x5621fa028ee3 - std::panicking::begin_panic::h3cdb33aadd4ba46c
Dec 01 13:53:06.235 INFO [stderr]                                at libstd/panicking.rs:410
Dec 01 13:53:06.235 INFO [stderr]    6:     0x5621fa026fb4 - build_script_build::main::hf707b40a95e32645
Dec 01 13:53:06.235 INFO [stderr]                                at /cargo-home/registry/src/github.com-1ecc6299db9ec823/rocket_codegen-0.3.17/build.rs:38
Dec 01 13:53:06.235 INFO [stderr]    7:     0x5621fa0297cf - std::rt::lang_start::{{closure}}::h6448f073247729bf
Dec 01 13:53:06.235 INFO [stderr]                                at libstd/rt.rs:74
Dec 01 13:53:06.235 INFO [stderr]    8:     0x5621fa056df2 - std::panicking::try::do_call::h52e7f80ff0fdcc45
Dec 01 13:53:06.235 INFO [stderr]                                at libstd/rt.rs:59
Dec 01 13:53:06.235 INFO [stderr]                                at libstd/panicking.rs:310
Dec 01 13:53:06.235 INFO [stderr]    9:     0x5621fa068e39 - __rust_maybe_catch_panic
Dec 01 13:53:06.235 INFO [stderr]                                at libpanic_unwind/lib.rs:102
Dec 01 13:53:06.235 INFO [stderr]   10:     0x5621fa046b0a - std::rt::lang_start_internal::h38cae898de7f805c
Dec 01 13:53:06.235 INFO [stderr]                                at libstd/panicking.rs:289
Dec 01 13:53:06.235 INFO [stderr]                                at libstd/panic.rs:392
Dec 01 13:53:06.235 INFO [stderr]                                at libstd/rt.rs:58
Dec 01 13:53:06.235 INFO [stderr]   11:     0x5621fa0297a8 - std::rt::lang_start::h3a7d4f3d64909f8d
Dec 01 13:53:06.235 INFO [stderr]                                at libstd/rt.rs:74
Dec 01 13:53:06.235 INFO [stderr]   12:     0x5621fa027e79 - main
Dec 01 13:53:06.235 INFO [stderr]   13:     0x7fa7c891f82f - __libc_start_main
Dec 01 13:53:06.235 INFO [stderr]   14:     0x5621fa026658 - _start
Dec 01 13:53:06.235 INFO [stderr]   15:                0x0 - <unknown>
Dec 01 13:53:06.235 INFO [stderr] 
Dec 01 13:53:06.235 INFO [stderr] warning: build failed, waiting for other jobs to finish...
Dec 01 13:53:06.267 INFO [stderr] error: failed to run custom build command for `rocket v0.3.17`
Dec 01 13:53:06.267 INFO [stderr] process didn't exit successfully: `/target/debug/build/rocket-6877f3be50dcc505/build-script-build` (exit code: 101)
Dec 01 13:53:06.267 INFO [stderr] --- stderr
Dec 01 13:53:06.267 INFO [stderr] [1;31mError:[0m [37mRocket requires a nightly or dev version of Rust.[0m
Dec 01 13:53:06.267 INFO [stderr] [37mInstalled version is:[0m [33m1.31.0-beta.20 (2018-11-30)[0m. [37mMinimum required:[0m [33m1.27.0-nightly (2018-04-26)[0m.
Dec 01 13:53:06.267 INFO [stderr] [34mSee the getting started guide ([0m[37mhttps://rocket.rs/guide/getting-started/[0m[34m) for more information.[0m
Dec 01 13:53:06.267 INFO [stderr] thread 'main' panicked at 'Aborting compilation due to incompatible compiler.', /cargo-home/registry/src/github.com-1ecc6299db9ec823/rocket-0.3.17/build.rs:38:13
Dec 01 13:53:06.267 INFO [stderr] stack backtrace:
Dec 01 13:53:06.267 INFO [stderr]    0:     0x55fcb38ab4bf - std::sys::unix::backtrace::tracing::imp::unwind_backtrace::h3a8b83e1922cbdde
Dec 01 13:53:06.267 INFO [stderr]                                at libstd/sys/unix/backtrace/tracing/gcc_s.rs:49
Dec 01 13:53:06.267 INFO [stderr]    1:     0x55fcb38b6e97 - std::sys_common::backtrace::print::h00d3155a29b4020f
Dec 01 13:53:06.267 INFO [stderr]                                at libstd/sys_common/backtrace.rs:71
Dec 01 13:53:06.267 INFO [stderr]                                at libstd/sys_common/backtrace.rs:59
Dec 01 13:53:06.267 INFO [stderr]    2:     0x55fcb38afd5f - std::panicking::default_hook::{{closure}}::hd7465c742e79e1bb
Dec 01 13:53:06.267 INFO [stderr]                                at libstd/panicking.rs:211
Dec 01 13:53:06.267 INFO [stderr]    3:     0x55fcb38afac4 - std::panicking::default_hook::h9e3966f2aa2a6e12
Dec 01 13:53:06.267 INFO [stderr]                                at libstd/panicking.rs:227
Dec 01 13:53:06.267 INFO [stderr]    4:     0x55fcb38b038e - std::panicking::rust_panic_with_hook::h587f091ae747d080
Dec 01 13:53:06.267 INFO [stderr]                                at libstd/panicking.rs:476
Dec 01 13:53:06.267 INFO [stderr]    5:     0x55fcb3881ef3 - std::panicking::begin_panic::h23eecaef6526ec18
Dec 01 13:53:06.267 INFO [stderr]                                at libstd/panicking.rs:410
Dec 01 13:53:06.267 INFO [stderr]    6:     0x55fcb387ffb5 - build_script_build::main::hf4a58592e5df52f0
Dec 01 13:53:06.267 INFO [stderr]                                at /cargo-home/registry/src/github.com-1ecc6299db9ec823/rocket-0.3.17/build.rs:38
Dec 01 13:53:06.267 INFO [stderr]    7:     0x55fcb38827df - std::rt::lang_start::{{closure}}::hfed5074a970f8a15
Dec 01 13:53:06.267 INFO [stderr]                                at libstd/rt.rs:74
Dec 01 13:53:06.267 INFO [stderr]    8:     0x55fcb38afe02 - std::panicking::try::do_call::h52e7f80ff0fdcc45
Dec 01 13:53:06.267 INFO [stderr]                                at libstd/rt.rs:59
Dec 01 13:53:06.267 INFO [stderr]                                at libstd/panicking.rs:310
Dec 01 13:53:06.267 INFO [stderr]    9:     0x55fcb38c1e49 - __rust_maybe_catch_panic
Dec 01 13:53:06.267 INFO [stderr]                                at libpanic_unwind/lib.rs:102
Dec 01 13:53:06.267 INFO [stderr]   10:     0x55fcb389fb1a - std::rt::lang_start_internal::h38cae898de7f805c
Dec 01 13:53:06.267 INFO [stderr]                                at libstd/panicking.rs:289
Dec 01 13:53:06.267 INFO [stderr]                                at libstd/panic.rs:392
Dec 01 13:53:06.267 INFO [stderr]                                at libstd/rt.rs:58
Dec 01 13:53:06.267 INFO [stderr]   11:     0x55fcb38827b8 - std::rt::lang_start::h646c4981e0fa06cc
Dec 01 13:53:06.267 INFO [stderr]                                at libstd/rt.rs:74
Dec 01 13:53:06.267 INFO [stderr]   12:     0x55fcb3880e89 - main
Dec 01 13:53:06.267 INFO [stderr]   13:     0x7fc74113582f - __libc_start_main
Dec 01 13:53:06.267 INFO [stderr]   14:     0x55fcb387f658 - _start
Dec 01 13:53:06.267 INFO [stderr]   15:                0x0 - <unknown>
Dec 01 13:53:06.267 INFO [stderr] 
Dec 01 13:53:06.267 INFO [stderr] warning: build failed, waiting for other jobs to finish...
Dec 01 13:53:17.286 INFO [stderr] error: build failed
Dec 01 13:53:17.287 INFO [stderr] su: No module specific data is present
Dec 01 13:53:17.771 INFO running `"docker" "inspect" "6cb31278d0bb5e516395f8b0066c786e1ca1eb6a623c7c115a7cc501814f8fc1"`
Dec 01 13:53:18.103 INFO running `"docker" "rm" "-f" "6cb31278d0bb5e516395f8b0066c786e1ca1eb6a623c7c115a7cc501814f8fc1"`
Dec 01 13:53:18.400 INFO [stdout] 6cb31278d0bb5e516395f8b0066c786e1ca1eb6a623c7c115a7cc501814f8fc1
